are the prime factors of 192?
2, 3
What are the prime factors of 825?
3, 5, 11
List the prime factors of 6193.
11, 563
What are the prime factors of 946?
2, 11, 43
List the prime factors of 5859.
3, 7, 31
What are the prime factors of 5816?
2, 727
What are the prime factors of 2046?
2, 3, 11, 31
List the prime factors of 2754.
2, 3, 17
What are the prime factors of 1409?
1409
List the prime factors of 84756.
2, 3, 7, 1009
What are the prime factors of 69693?
3, 13, 1787
What are the prime factors of 698?
2, 349
What are the prime factors of 1909?
23, 83
What are the prime factors of 323?
17, 19
List the prime factors of 144396.
2, 3, 7, 191
What are the prime factors of 11264?
2, 11
What are the prime factors of 1382?
2, 691
List the prime factors of 22944.
2, 3, 239
List the prime factors of 808.
2, 101
What are the prime factors of 109320?
2, 3, 5, 911
What are the prime factors of 225?
3, 5
What are the prime factors of 55845?
3, 5, 17, 73
What are the prime factors of 814?
2, 11, 37
List the prime factors of 1135.
5, 227
What are the prime factors of 6429?
3, 2143
List the prime factors of 3065.
5, 613
List the prime factors of 1407.
3, 7, 67
List the prime factors of 2312.
2, 17
What are the prime factors of 1533?
3, 7, 73
List the prime factors of 14202.
2, 3, 263
List the prime factors of 1506.
2, 3, 251
List the prime factors of 2527.
7, 19
What are the prime factors of 44627?
11, 4057
List the prime factors of 3802.
2, 1901
What are the prime factors of 2344?
2, 293
What are the prime factors of 18316?
2, 19, 241
List the prime factors of 558.
2, 3, 31
What are the prime factors of 942?
2, 3, 157
List the prime factors of 588.
2, 3, 7
List the prime factors of 3735.
3, 5, 83
List the prime factors of 20278.
2, 10139
List the prime factors of 1398.
2, 3, 233
What are the prime factors of 1055?
5, 211
List the prime factors of 112297.
112297
List the prime factors of 78966.
2, 3, 41, 107
List the prime factors of 1915.
5, 383
What are the prime factors of 509?
509
What are the prime factors of 43825?
5, 1753
List the prime factors of 1627.
1627
What are the prime factors of 5139?
3, 571
What are the prime factors of 12958?
2, 11, 19, 31
What are the prime factors of 1406?
2, 19, 37
What are the prime factors of 45065?
5, 9013
What are the prime factors of 2572?
2, 643
What are the prime factors of 3326?
2, 1663
What are the prime factors of 797?
797
What are the prime factors of 36003?
3, 11, 1091
What are the prime factors of 53499?
3, 17, 1049
List the prime factors of 2500.
2, 5
List the prime factors of 8714.
2, 4357
List the prime factors of 3792.
2, 3, 79
What are the prime factors of 1113?
3, 7, 53
List the prime factors of 896.
2, 7
What are the prime factors of 136870?
2, 5, 13687
What are the prime factors of 31887?
3, 1181
What are the prime factors of 732?
2, 3, 61
List the prime factors of 69460.
2, 5, 23, 151
List the prime factors of 3195.
3, 5, 71
List the prime factors of 7453.
29, 257
List the prime factors of 3188.
2, 797
List the prime factors of 83360.
2, 5, 521
List the prime factors of 96.
2, 3
What are the prime factors of 3678?
2, 3, 613
What are the prime factors of 51270?
2, 3, 5, 1709
List the prime factors of 18203.
109, 167
What are the prime factors of 6851?
13, 17, 31
List the prime factors of 440.
2, 5, 11
What are the prime factors of 33904?
2, 13, 163
List the prime factors of 1622.
2, 811
What are the prime factors of 538?
2, 269
What are the prime factors of 55395?
3, 5, 1231
What are the prime factors of 253?
11, 23
List the prime factors of 29684.
2, 41, 181
What are the prime factors of 2421?
3, 269
What are the prime factors of 1309?
7, 11, 17
List the prime factors of 14564.
2, 11, 331
List the prime factors of 3185.
5, 7, 13
What are the prime factors of 1119?
3, 373
What are the prime factors of 1746?
2, 3, 97
What are the prime factors of 112842?
2, 3, 6269
List the prime factors of 18300.
2, 3, 5, 61
List the prime factors of 892.
2, 223
List the prime factors of 2535.
3, 5, 13
List the prime factors of 28128.
2, 3, 293
List the prime factors of 66453.
3, 17, 1303
What are the prime factors of 1955?
5, 17, 23
What are the prime factors of 98999?
98999
List the prime factors of 72775.
5, 41, 71
What are the prime factors of 2877?
3, 7, 137
What are the prime factors of 3644?
2, 911
List the prime factors of 18061.
18061
What are the prime factors of 1516?
2, 379
List the prime factors of 4186.
2, 7, 13, 23
List the prime factors of 72140.
2, 5, 3607
List the prime factors of 3106.
2, 1553
What are the prime factors of 113738?
2, 29, 37, 53
What are the prime factors of 108415?
5, 21683
What are the prime factors of 124584?
2, 3, 29, 179
What are the prime factors of 6649?
61, 109
What are the prime factors of 15700?
2, 5, 157
What are the prime factors of 61735?
5, 12347
What are the prime factors of 6113?
6113
What are the prime factors of 3832?
2, 479
What are the prime factors of 15125?
5, 11
What are the prime factors of 1899?
3, 211
List the prime factors of 419.
419
List the prime factors of 22275.
3, 5, 11
List the prime factors of 15201.
3, 563
What are the prime factors of 4730?
2, 5, 11, 43
List the prime factors of 949.
13, 73
What are the prime factors of 5112?
2, 3, 71
List the prime factors of 287.
7, 41
What are the prime factors of 41984?
2, 41
What are the prime factors of 70?
2, 5, 7
List the prime factors of 4825.
5, 193
What are the prime factors of 18189?
3, 43, 47
What are the prime factors of 923?
13, 71
What are the prime factors of 626?
2, 313
List the prime factors of 3917.
3917
List the prime factors of 1278.
2, 3, 71
What are the prime factors of 12256?
2, 383
List the prime factors of 16329.
3, 5443
What are the prime factors of 807?
3, 269
What are the prime factors of 8603?
7, 1229
List the prime factors of 1585.
5, 317
List the prime factors of 912.
2, 3, 19
List the prime factors of 3799.
29, 131
What are the prime factors of 3721?
61
What are the prime factors of 662?
2, 331
What are the prime factors of 5724?
2, 3, 53
List the prime factors of 26853.
3, 8951
List the prime factors of 1700.
2, 5, 17
What are the prime factors of 10641?
3, 3547
List the prime factors of 7070.
2, 5, 7, 101
List the prime factors of 5470.
2, 5, 547
List the prime factors of 9636.
2, 3, 11, 73
What are the prime factors of 8863?
8863
List the prime factors of 45147.
3, 101, 149
List the prime factors of 771.
3, 257
What are the prime factors of 881?
881
What are the prime factors of 3512?
2, 439
What are the prime factors of 6?
2, 3
What are the prime factors of 1690?
2, 5, 13
List the prime factors of 67810.
2, 5, 6781
What are the prime factors of 4557?
3, 7, 31
List the prime factors of 1215.
3, 5
What are the prime factors of 30246?
2, 3, 71
List the prime factors of 238.
2, 7, 17
List the prime factors of 495.
3, 5, 11
What are the prime factors of 281?
281
What are the prime factors of 9131?
23, 397
List the prime factors of 5999.
7, 857
List the prime factors of 631.
631
List the prime factors of 94054.
2, 31, 37, 41
What are the prime factors of 2931?
3, 977
List the prime factors of 5608.
2, 701
What are the prime factors of 2143?
2143
List the prime factors of 995.
5, 199
What are the prime factors of 2820?
2, 3, 5, 47
What are the prime factors of 872?
2, 109
What are the prime factors of 1452?
2, 3, 11
List the prime factors of 2103.
3, 701
What are the prime factors of 20429?
31, 659
What are the prime factors of 9563?
73, 131
List the prime factors of 70904.
2, 8863
What are the prime factors of 15811?
97, 163
What are the prime factors of 4149?
3, 461
List the prime factors of 8929.
8929
List the prime factors of 71327.
71327
List the prime factors of 85989.
3, 28663
List the prime factors of 2444.
2, 13, 47
What are the prime factors of 4514?
2, 37, 61
What are the prime factors of 663?
3, 13, 17
What are the prime factors of 11295?
3, 5, 251
What are the prime factors of 4541?
19, 239
What are the prime factors of 4159?
4159
List the prime factors of 101294.
2, 50647
What are the prime factors of 35535?
3, 5, 23, 103
What are the prime factors of 858?
2, 3, 11, 13
List the prime factors of 18461.
18461
What are the prime factors of 24424?
2, 43, 71
What are 